 the tens digit of g?
1
Suppose -3*w = 2*w + 4*a - 30, 0 = 4*w - 2*a + 2. Suppose -w*f + 8 = -0*f. Suppose -3*q - 10 = -n, 3*q + 76 - 27 = f*n. What is the tens digit of n?
1
Suppose u - 5135 = 2*d + 6122, 2*u - 3*d - 22507 = 0. What is the hundreds digit of u?
2
Let t(d) = -d**3 + 5*d**2 + 189*d + 35. What is the ten thousands digit of t(-35)?
4
Suppose -419 = -14*a - 6439. Let r = 106 - a. What is the hundreds digit of r?
5
Suppose 0 = 26*f - 32*f + 24. What is the hundreds digit of (-3256)/(-111)*51/f?
3
Let g(w) = 6*w**2 + 2*w + 1. Let z(a) = -2*a**3 - 17*a**2 - 7*a + 9. Let v be z(-8). Let o be 4/(-1 - v) - (2 - -3). What is the units digit of g(o)?
1
Let j = 1112 - 234. Suppose -262 = 4*u - j. What is the tens digit of (u/4)/((-8)/(-16))?
7
Let g = -282 + -7. Suppose 0 = 3*f + 8 + 1, -357 = 2*w - f. Let z = w - g. What is the units digit of z?
9
Suppose -q - 5 = 0, 6*q - 11*q + 4055 = 2*f. Suppose -9944 - f = -28*l. What is the hundreds digit of l?
4
What is the thousands digit of ((-172)/3)/(73/(-1314))?
1
Let z(c) = -c**2 - 14*c - 24. Let a be z(-10). Suppose 27 = 19*i - a*i. Suppose -587 - 754 = -i*b. What is the units digit of b?
9
Suppose 4*d + 3*n = 5887, -5*d = -2*n - 5435 - 1918. Let y = d + -971. What is the tens digit of y?
0
Let s(n) = -10*n - 19. Let k be s(-2). What is the tens digit of 5146/6 + ((-11)/(-33) - k)?
5
Suppose 86*o = 47*o + 273586 + 286220. What is the hundreds digit of o?
3
Let i = 10660 - 3852. What is the hundreds digit of i?
8
Let m = 99 + -72. Let w be 7/(-9) - -1 - (-2262)/m. Suppose -6*h + 1266 = w. What is the tens digit of h?
9
Let o(m) = 2*m**2 + 26*m + 48. Let x be o(-11). Suppose -d + 959 = 7*y - 3*y, -y = x*d - 236. What is the tens digit of y?
4
Suppose 13*b - 2541 = 2*b. Suppose 1375 = 5*x - 4*n, 0 = -x + 5*n + 44 + b. Suppose 3*h - 3*i - 177 = 0, i + x = 5*h - 28. What is the units digit of h?
1
Let q = 2059 - 477. What is the thousands digit of q?
1
What is the units digit of ((-8787)/2)/((-420)/560)?
8
Let f(q) be the first derivative of -502*q**2 + 561*q**2 - 2*q + 14 + 13. What is the units digit of f(1)?
6
Let w(f) = 7*f - 6. Let d be w(0). Let x(s) = -2*s**3 - s**2 + 12*s - 8. What is the hundreds digit of x(d)?
3
Suppose -r = 5*a + 2, 0 = 5*r - 5*a - 13 - 7. What is the tens digit of ((-136430)/30)/(-7) + 4/r?
5
Let c(n) = -9*n + 4. Let a(p) = 18*p - 8. Let v(z) = -4*a(z) - 9*c(z). Let b be v(-3). Let t = 34 + b. What is the units digit of t?
3
Let j be -2260*2/16*-4. Let k = j + -580. What is the tens digit of k?
5
What is the units digit of (-389 + 395)/((-2)/(-9637))?
1
Let q = -12556 - -25700. What is the thousands digit of q?
3
Suppose -130*t + 21482 - 17179 = -37167. What is the units digit of t?
9
Suppose 0 = -2*q - 3*f + 18165, -f + 2*f - 9084 = -q. What is the thousands digit of q?
9
Suppose -565 = -h + 621. Suppose 2*t - 788 = -2*d + 6*d, 3*t - h = 4*d. What is the hundreds digit of t?
3
Let g be (-1)/(4/(-18)) - (-24)/16. Suppose g*v - 2*v - 3*p - 54 = 0, -5*v + 5*p = -70. What is the tens digit of 2/(-6) - -562*4/v?
8
Suppose 0 = -3*p + 7 + 5, -13 = -n - 4*p. Let m(g) = -160*g + 8. What is the units digit of m(n)?
8
Let a be (-1 + (-4)/4)/2 + -797. Let k = -248 - a. What is the units digit of k?
0
Let d = -276 + 2580. What is the tens digit of d?
0
Suppose 14256 = 3*o - 3*u, 0 = -0*o + 5*o - 2*u - 23769. What is the thousands digit of o?
4
Let p(n) = -1875*n**3 - 4*n**2 - 10*n - 15. What is the thousands digit of p(-2)?
4
Suppose 1372775 - 832499 = 49*x - 2634483. What is the hundreds digit of x?
7
Let c be -4 - (-6*2 - -2). Let k be ((-42)/(-15))/(c/15). Let q(y) = -y**3 + 10*y**2 - 2*y + 10. What is the hundreds digit of q(k)?
1
Suppose 13*z - 13534 = 6408. Let q = -263 + z. What is the tens digit of q?
7
Let r be (19 + (-2 - -1))/((-3)/(-2)). Suppose -r*m - 2407 = -331. Let s = m - -341. What is the hundreds digit of s?
1
Suppose -2 = -2*a - 4*k, 9 = 3*a - 4*k - 14. Let z(g) = -5*g**2 + 10*g - 29. Let y be z(a). Let b = 226 + y. What is the hundreds digit of b?
1
Suppose -162*n + 5 = -157*n, -4*i + 2*n = -9158. What is the thousands digit of i?
2
Let d = -96 + 73. Let w = 8 + d. Let a(y) = -10*y - 7. What is the units digit of a(w)?
3
Let w = 165 + -159. Suppose -5*o + 786 = u, 4*u - w*u = 4*o - 1560. What is the hundreds digit of u?
7
Suppose 11 - 3 = 2*r. Suppose 3*o = 4*h - 351, -r*o - 486 = -4*h - 134. What is the units digit of h?
7
Let f(a) = 3*a**2 - 12*a + 70. Let l be f(9). Suppose -4*o - o - 475 = 0. Let c = o + l. What is the hundreds digit of c?
1
Let a = 1047 + 2858. What is the units digit of a?
5
Suppose -q - j + 209 = 0, -9*j - 1 = -8*j. Suppose 5*a - q = -10*a. What is the tens digit of a?
1
Let y(u) = 10*u - 9*u**3 + 2*u**2 - 24 + 12*u**3 + 0*u**2 - 8*u**2. What is the units digit of y(5)?
1
Suppose -1035 = 18*x + 11943. Let u = 2277 + x. What is the hundreds digit of u?
5
Suppose -5*z - 3 = 4*y, 0 = -4*y - 3*z - 1 + 4. Suppose 0 = -y*r + 2*r + 140. What is the units digit of 44/11 - r/(-2)?
4
Let c be 0 + (0 - 3) + 6. Let b be (-1)/c*-131 + 35/105. Let s = b - -39. What is the units digit of s?
3
Let x(c) = -c**2 + 3*c - 10. Let b be x(0). Let p(j) be the second derivative of -j**5/20 - 3*j**4/4 + j**3/3 - 3*j**2 - 27*j. What is the units digit of p(b)?
4
Suppose -u + 151 = -2*j, -5*j - 2*u - 63 = -4*j. Let k = j + 48. What is the units digit of ((-270)/k)/((-3)/(-10))?
6
Suppose -3*x - 2 - 10 = 0. Let o be (0 + 2)*1*(-142)/x. Suppose k - o + 12 = 0. What is the units digit of k?
9
Let a be 31 + -24 + (-4)/(-1). Suppose 138 - 11611 = -a*z. What is the hundreds digit of z?
0
Let r(a) = 2*a**2 - 4*a - 2. Let t(m) = -m**3 - m + 43. Let h be t(0). Let q = h - 48. What is the tens digit of r(q)?
6
Let g(s) = -33*s**3 - 4*s**2 + 79*s + 194. What is the units digit of g(-9)?
6
Let n be (5 - 2)*(-31)/(-3). Suppose -9*p + 10*p = n. Suppose -5*r + 209 = -p. What is the units digit of r?
8
Suppose 0 = 5*s - 0*s - 5*c - 5, -15 = s - 5*c. Suppose -17 = s*h - 3*u + u, 0 = 5*h + 2*u + 13. What is the tens digit of 101 + -1 + (1*-9)/h?
0
Suppose 5*c = 17*c - 20448. Suppose -32*a + c = -26*a. What is the hundreds digit of a?
2
Let t be (5/30)/((-10)/(-780)). Suppose -534 + 16823 = t*w. What is the thousands digit of w?
1
Let h(w) = w**3 + 47*w**2 - 17*w - 80. What is the hundreds digit of h(-38)?
5
Let q(m) = m**2 - 2*m - 12. Let c be q(6). Let y be (2/c*2)/(10/150). Suppose 70 = y*n - 3*n - 5*g, 2*n = -2*g + 70. What is the units digit of n?
5
Let n(p) = -5*p**2 + 42*p + 177. Let z be n(-5). Let o = 1228 + z. What is the tens digit of o?
7
Let v(w) = 2*w**3 + 3*w**2 - 3*w + 4. Let p be v(2). Suppose -19*c - 1988 = -p*c. What is the tens digit of c?
8
Let n be 3/((-4)/12*-9). Let j be 8 + (0 + -4)*n. Suppose -3*v = -3*f + 204, -211 - 65 = -j*f + 3*v. What is the tens digit of f?
7
Suppose 0 = w + 2, 20*y - 17*y = 2*w + 233218. What is the hundreds digit of y?
7
Let f(n) = -n**2 - 20*n - 31. Let o be 27/(1 + (-25)/10). Let q be f(o). What is the units digit of 523/q + 7 + (-198)/30?
5
Let g(x) = -34*x**3 - 9*x**2 - 99*x - 565. What is the hundreds digit of g(-6)?
0
Let s = 41 - -169. Let k be (-10)/45 + s/(-27). What is the units digit of (k - -4 - -42)*2?
6
What is the thousands digit of (1 - -1064) + (12 - 10)?
1
Let f = -2736 + 7518. What is the units digit of f?
2
Let d(i) = 19 + 0 + i - 7 - 5. Let y be d(-5). Suppose 0 = 5*s + 4*g - 492, 0 = -y*s + g + 9 + 180. What is the tens digit of s?
9
Suppose 5*d = 23 - 8. Suppose -d*s - 5 = -4*s. Suppose -s*v = -6*v - 4*w + 65, 3*w + 325 = 5*v. What is the tens digit of v?
6
Let c(f) = 5949*f + 1902. What is the tens digit of c(2)?
0
Let l(v) = v**2 + 5*v + 6. Let q be l(-3). Suppose -4*f + 512 = -5*d, q*f + f = d + 129. What is the hundreds digit of f?
1
Let z(c) be the second derivative of -c**5/10 - 3*c**4/2 - 10*c**3/3 - 5*c**2 - 21*c + 4. What is the tens digit of z(-9)?
7
Suppose 27 = 3*u + 15. Let p(c) = 22*c - 3*c**3 + u + 0 + 5*c**3 - 3*c**3 + 8*c**2. What is the tens digit of p(10)?
2
Suppose -3*o = -6*o - 36. Let f(s) = -13*s + 34. Let p be f(o). Let m = p + -115. What is the tens digit of m?
7
Let d(p) = p**2 + 7*p - 18. Suppose 30*f - 279 = -f. What is the hundreds digit of d(f)?
1
Let h = -1100 + 45167. What